on divisor of z and 54?
18
Suppose 2*f = 5*f - 15. Let m = -1292 - -1337. Calculate the greatest common factor of m and f.
5
Suppose -3*p - 2*p + 10 = -4*q, q - 10 = -5*p. Suppose q = -v - 6 + 8. Let w(x) = x**2. Let l be w(v). What is the greatest common factor of l and 2?
2
Let p = 83 - 62. Let x be p*1/(4 + -1). What is the highest common factor of 49 and x?
7
Suppose 17 = -0*i + 2*i - 3*c, 5*c + 28 = 3*i. Let v be 58 + i/((-3)/(-9)). Let n = -43 + v. Calculate the highest common divisor of 9 and n.
9
Suppose -3*j + 138 = 3*i, -3*i + 7 = 1. Suppose 15 = 5*v, 0 = -s + v + 2*v + 1. Suppose -5*w + 45 = -s. What is the highest common factor of j and w?
11
Let q = -74 + 78. Suppose -3*t = -q*f + t + 72, 3*t - 18 = -f. Calculate the highest common factor of f and 2.
2
Let o(g) = -g**3 + 7*g**2 + 2*g + 7. Let s be o(7). Let n = -130 - -140. Suppose 17 = v + n. What is the highest common factor of s and v?
7
Let w(y) = 10*y + 432. Let r be w(-24). Calculate the highest common factor of 1248 and r.
96
Let f be ((-2)/3)/(6/(-45)). Suppose 3*k = 4*k - f. Let t be (-12)/(-8) - k/(-2). Calculate the highest common divisor of 4 and t.
4
Let w(d) = -13 - d - 6 + 3*d + 0*d. Let g be w(16). What is the greatest common factor of g and 39?
13
Let v = 1 + 19. Let l = -5 + 10. Calculate the greatest common divisor of v and l.
5
Suppose j - 1412 = -2*u + 3*j, 2*u - 1400 = -2*j. Calculate the highest common factor of u and 19.
19
Let u be 1 - 0 - 45/(-5). Suppose -2 - 10 = -6*f. Suppose 15 = c + f*c, -3*c = 5*d - 65. What is the highest common factor of d and u?
10
Suppose 9*r = 6*r + 12. Suppose -2*z - 116 = -4*k + 58, r*k = -5*z + 195. Let n = 3 - -6. Calculate the highest common factor of k and n.
9
Let c(j) = -j**3 + j**2 - j - 2. Let g be c(-5). Calculate the greatest common divisor of g and 9.
9
Let p be -1 + 4/2 + 9. Let g = -66 + 51. Let u be (g/12*6)/((-5)/10). What is the greatest common divisor of p and u?
5
Let g = -45 - -46. Calculate the greatest common factor of 31 and g.
1
Let n = 1 + 2. Let t = -54 - -63. What is the highest common factor of n and t?
3
Suppose -5*n + 4*n + 179 = 3*t, 0 = -2*t - 2*n + 118. Suppose 264*x - 266*x + 5*w = -58, -5*x - 3*w + 114 = 0. Calculate the greatest common divisor of x and t.
12
Let g(t) = -t**3 - 14*t**2 - 27*t - 11. Let s be g(-12). Suppose 2*o + s = 65. What is the greatest common factor of o and 160?
20
Let a be -7*(-4)/14*5. Suppose 3 = -g + 2*g. Suppose -5*l - 59 = g*m - 262, 0 = -m + 1. What is the greatest common divisor of a and l?
10
Let j(r) = -r + 29. Let w be j(11). Calculate the highest common factor of w and 18.
18
Let n = 321 - 315. What is the greatest common factor of 12 and n?
6
Let j(d) = d**2 + 21*d + 66. Let b be j(-3). What is the highest common divisor of 162 and b?
6
Let l(h) = 49*h + 10. Let a be l(6). Let n = -172 + a. Let b(s) = s - 2. Let j be b(14). Calculate the greatest common divisor of j and n.
12
Let p(v) = -7*v + 1. Let z be p(2). Let n = -10 - z. Suppose -2*x = -5*y - 5*x + 7, 5*x + 1 = -2*y. What is the highest common factor of n and y?
1
Suppose -6*h - 3*j - 60 = -9*h, 0 = 4*h - j - 80. What is the highest common divisor of 390 and h?
10
Let p be 335 - -9 - (-11 - -4). What is the greatest common divisor of p and 78?
39
Let g = 3 - 11. Let v be g/(-16) - 22/(-4). Let l be ((-6)/(-10))/(v/570). What is the greatest common factor of l and 19?
19
Let a(w) = -w**3 - w**2 + 2*w + 1740. Let n be a(0). Calculate the greatest common divisor of n and 10.
10
Let a be (2/8)/((-137)/(-1027500)). Calculate the greatest common divisor of 5 and a.
5
Suppose 21 + 57 = 2*l - 2*s, 3*l - 125 = -5*s. Calculate the greatest common factor of 440 and l.
40
Let s(z) be the third derivative of z**5/30 - 11*z**4/24 - z**3/2 + 38*z**2. Let n be s(7). Calculate the highest common divisor of n and 90.
18
Let q be (-4)/2 - ((-20 - 6) + -5). Suppose -o + 5*o - 104 = -2*t, -t = -o + q. What is the highest common factor of 3 and o?
3
Suppose -8*x + 7*x = -2. Let d be 5/3 - (-139)/417. What is the highest common factor of x and d?
2
Let x(s) = -s**3 + s**2 + 4*s + 3. Let p be x(-2). Let c(y) = 2*y. Let f be c(p). What is the greatest common divisor of 126 and f?
14
Let c be -3*(60/(-9))/5. Suppose 21 = c*t - 43. What is the greatest common divisor of 4 and t?
4
Let q be -8 + (0 - 0) + (-1620)/(-45). Let w be 2/4 - 119/(-2). Let h be ((-7)/(-3))/(2/w). Calculate the greatest common factor of q and h.
14
Suppose -2*m + 5*h = -115, -5*h = 7*m - 10*m + 175. Calculate the greatest common divisor of 380 and m.
20
Suppose -k = 4*t - 31, -4*k = -2*t - 142 - 36. What is the highest common factor of k and 172?
43
Suppose 12*d - 30 = 9*d. Let i be ((-2)/6)/((-11)/165). Calculate the highest common divisor of d and i.
5
Let g(v) = -476*v + 16. Let p(d) = 28*d - 1. Let x(n) = 6*g(n) + 104*p(n). Let i be x(3). What is the highest common factor of i and 20?
20
Suppose y - 2 - 1 = 0. Suppose -u = -y*u + 24. Let f(m) = 2*m - 2. Let k be f(4). Calculate the highest common divisor of k and u.
6
Let r(m) = 178*m + 11. Let u be r(1). What is the greatest common factor of u and 14?
7
Let g = -301 - -325. Calculate the highest common divisor of 456 and g.
24
Suppose -3*l = 3 - 12. Suppose -3*r + 4*r + l*v - 4 = 0, 0 = -5*r + 3*v + 38. What is the greatest common factor of 21 and r?
7
Let g(t) = -2*t**2 - 59*t - 51. Let u be g(-28). What is the greatest common factor of u and 737?
11
Let y = 6 - 17. Let i be (-4)/22 + (-2)/y. Suppose 7 = -i*z + z. Calculate the greatest common divisor of 56 and z.
7
Let o(p) = 104*p**2 + 2*p + 2. Let h = -48 - -47. Let j be o(h). Calculate the greatest common factor of j and 8.
8
Let j be 253/(-5) - (-2)/15*-3. Let z = j + 89. Calculate the highest common factor of 190 and z.
38
Let y(l) = 5*l**2. Let i be y(1). Let t = -3 + i. Suppose -t*s = -3*s + 112. Calculate the highest common divisor of 14 and s.
14
Suppose 21 = y + 1. Let k be (24/5)/(19/(14250/20)). What is the highest common factor of k and y?
20
Let b be 7*3/6*-2. Let m be b/(-2)*(1 + 21). What is the greatest common divisor of 7 and m?
7
Let r be (-20)/170 - 3566/34. Let q be (1 + r/6)*-12. What is the greatest common divisor of 22 and q?
22
Suppose -3*h + 60 = -0*h. Suppose 6*b = -27 + 147. What is the highest common factor of h and b?
20
Suppose -436*a + 433*a + 231 = 0. Let c(x) = 2*x**2 - 2*x + 3. Let l be c(2). Calculate the greatest common factor of l and a.
7
Let v(u) = u**2 - 4*u. Let a be v(5). Let z(p) = -p**3 - 55 + 5*p**2 + 50 + 0*p + p + 0*p**2. Let f be z(4). Calculate the greatest common divisor of a and f.
5
Suppose -2 = 9*q - 10*q, 2*u - 982 = 5*q. What is the greatest common factor of 155 and u?
31
Suppose -112 = -3*m + 116. Suppose -342 = -124*k + 121*k. Calculate the greatest common factor of m and k.
38
Let f(y) = -y**3 - 8*y**2 + 33*y + 142. Let b be f(-10). Let w be (-4)/(-2) - (-260)/2. Calculate the highest common divisor of w and b.
12
Suppose -5*t + 4*h = -16, 0 = 7*t - 12*t - 2*h - 8. Suppose 5*i - 4*m + 5*m = 401, -2*m - 8 = t. What is the greatest common factor of 27 and i?
27
Let n be 8 + 12/(-4) - 1. Suppose 0 = 2*u - n*u + 1210. Suppose -557 = -4*j + 3*a, -161 = 3*j + 3*a - u. What is the greatest common divisor of 13 and j?
13
Let f = 87 + -49. Let a = f + 4. What is the greatest common divisor of 63 and a?
21
Let d be 240/42 - (1 + 45/(-35)). Let u = -25 - -67. Calculate the highest common factor of u and d.
6
Let t = 501 - 432. What is the greatest common factor of 184 and t?
23
Suppose 0 = 5*d - 15, -v = -d - 663 - 361. Calculate the highest common factor of v and 158.
79
Let y = 31 - 28. Let s be 4/28 + (2934/14)/y. What is the greatest common factor of 105 and s?
35
Let k(j) = -j**3 + 4*j**2 - 4*j + 8. Let m = -22 - -26. Let n be k(m). Let h be 12/n*(-220)/6. Calculate the greatest common factor of h and 22.
11
Suppose h + y - 260 = 0, -3*y + 2 = -13. Let q(i) = i**2 + 23*i - 47. Let n be q(-25). Let u be h/12 + n/4. What is the highest common factor of 110 and u?
22
Suppose -20*l + 5*g - 95 = -25*l, 0 = -l + 2*g + 10. Calculate the highest common factor of l and 216.
8
Suppose 0 = -r + 6 + 2. Let b be 68/r*2 - 2. What is the highest common divisor of 105 and b?
15
Suppose -3*c = -c + 10, 3*i